-919?
233
In base 14, what is -4 + 5bb69?
5bb65
In base 4, what is 101120 - -331?
102111
In base 7, what is 0 + -44664?
-44664
In base 15, what is 8d - 3d8?
-34a
In base 9, what is 268 - 1672?
-1403
In base 10, what is -155327 - 0?
-155327
In base 6, what is -21103 + -30?
-21133
In base 3, what is -12 + 200010000?
200002211
In base 6, what is 0 + 124412?
124412
In base 3, what is -1 - 111211002?
-111211010
In base 3, what is -2 + -10022220?
-10022222
In base 6, what is 5 + 125154?
125203
In base 12, what is 1b764 - 148?
1b618
In base 3, what is 1200 - 1002121200?
-1002120000
In base 9, what is -1215 - -8?
-1206
In base 8, what is -22047 - 74?
-22143
In base 7, what is 10 - 4011?
-4001
In base 10, what is -4 - -10160?
10156
In base 13, what is 5a70 + -4?
5a69
In base 7, what is 25464 + 40?
25534
In base 10, what is 223565 + -8?
223557
In base 7, what is 5 - -205343?
205351
In base 12, what is -268 + 1934?
1688
In base 15, what is -a + 3c8?
3bd
In base 6, what is 4 - 23201?
-23153
In base 12, what is 22 + -5824?
-5802
In base 4, what is 103 + 130302?
131011
In base 15, what is 7e - 38d8?
-3859
In base 3, what is -22021 + 11?
-22010
In base 4, what is 111 - 2200?
-2023
In base 16, what is 3ab - d9?
2d2
In base 11, what is 351a62 + 5?
351a67
In base 3, what is -2202111122 + 12?
-2202111110
In base 3, what is -10201 + -212101?
-1000002
In base 12, what is -24991a + -3?
-249921
In base 4, what is 1 - -11130230?
11130231
In base 5, what is -101014 + -120?
-101134
In base 5, what is -2401 - 10021?
-12422
In base 5, what is -3 - -1333111?
1333103
In base 16, what is -6 + -141?
-147
In base 2, what is -11001100001011101011 + 1?
-11001100001011101010
In base 10, what is -1432 - -215?
-1217
In base 13, what is 720 - 126?
5c7
In base 6, what is 313434352 - 0?
313434352
In base 3, what is 20211211021 + -1?
20211211020
In base 14, what is -6d3d - -16?
-6d27
In base 11, what is 1 + -26035?
-26034
In base 3, what is 121112212 - -202?
121120121
In base 4, what is 3210 + -12122?
-2312
In base 6, what is -2023 - 104?
-2131
In base 13, what is 0 + -57287?
-57287
In base 16, what is 0 + e81b?
e81b
In base 12, what is -1 - 17653?
-17654
In base 7, what is 232061 + -1?
232060
In base 10, what is 15 + -152571?
-152556
In base 5, what is 224 - -3302?
4031
In base 3, what is 20120222012001 + -1?
20120222012000
In base 8, what is -2 + 155201?
155177
In base 16, what is -11 - 24b72?
-24b83
In base 14, what is -4 + 1a77?
1a73
In base 6, what is -3 + 131434?
131431
In base 12, what is 426 - -82?
4a8
In base 12, what is 10 + 4228?
4238
In base 12, what is 9 - -3772?
377b
In base 5, what is -101440 + 140?
-101300
In base 6, what is -125 + 13143?
13014
In base 11, what is -19 + -39885?
-398a3
In base 12, what is -301450 - -3?
-301449
In base 5, what is 122331 - 114?
122212
In base 12, what is -7 + -3a99?
-3aa4
In base 14, what is -2 + -6457?
-6459
In base 13, what is 3c78 - -12?
3c8a
In base 3, what is -2 + -102200211?
-102200220
In base 11, what is -3674485 - 2?
-3674487
In base 13, what is 3a61 - 22?
3a3c
In base 14, what is 38 - a46?
-a0c
In base 5, what is -123 - -30001?
24323
In base 4, what is 2 + 31320102?
31320110
In base 8, what is 0 - 13540?
-13540
In base 15, what is -5 + -120e1?
-120e6
In base 4, what is 11 + -21233202?
-21233131
In base 5, what is -2030 - 3323?
-10403
In base 8, what is -300 + -206?
-506
In base 12, what is a1 - -5a20?
5b01
In base 12, what is 92ab + 39?
9328
In base 9, what is 1 + 61613?
61614
In base 7, what is -336156 + 2?
-336154
In base 5, what is 4 - 114103334?
-114103330
In base 2, what is -10 - 10110011010101001?
-10110011010101011
In base 5, what is 103 - -1202440?
1203043
In base 16, what is -b + d4ec?
d4e1
In base 6, what is -42300 + 15?
-42241
In base 14, what is -a9c6 - 4?
-a9ca
In base 2, what is -11101 - 110111100001001?
-110111100100110
In base 10, what is -1 - -4307?
4306
In base 16, what is 2 + -1088?
-1086
In base 2, what is 1110110001 + -1100001010?
10100111
In base 6, what is 12 + -425445?
-425433
In base 5, what is 4 + -221322?
-221313
In base 13, what is -a4b1 - 4?
-a4b5
In base 5, what is -31442 + -1222?
-33214
In base 9, what is 31861 + 3?
31864
In base 11, what is -37942 - -3?
-3793a
In base 5, what is 1340 + -22332?
-20442
In base 10, what is 2431 - 5?
2426
In base 3, what is -2 + 1000101212?
1000101210
In base 6, what is 451 - -3?
454
In base 14, what is 154 - b74?
-a20
In base 15, what is 402c + -1?
402b
In base 13, what is -603 - -1c3?
-410
In base 11, what is -3255a + -41?
-325a0
In base 5, what is 3 - 33233433?
-33233430
In base 13, what is 374 + -278?
c9
In base 16, what is 9bad - -66?
9c13
In base 15, what is -14 + 1886?
1872
In base 8, what is 6453 - 0?
6453
In base 7, what is 25 - -15530?
15555
In base 2, what is 10011110011000010 - 10?
10011110011000000
In base 14, what is -c + 256d?
2561
In base 9, what is -5 - -2180687?
2180682
In base 9, what is 15 + 11806?
11822
In base 14, what is d4c + c?
d5a
In base 8, what is -2 + 2045?
2043
In base 3, what is 1 + -1220010002?
-1220010001
In base 2, what is -101010111 + -101000101?
-1010011100
In base 15, what is -1289 - 12?
-129b
In base 3, what is 11 - 1101121201?
-1101121120
In base 9, what is -4 + 5820?
5815
In base 4, what is 112 + -13311223?
-13311111
In base 11, what is -a80786 - -4?
-a80782
In base 6, what is 1 + 514045?
514050
In base 6, what is -4 - -54535?
54531
In base 16, what is 4b - -bb7?
c02
In base 12, what is -1 - 310ab?
-310b0
In base 16, what is 4 - -5018?
501c
In base 8, what is 1 - -603154?
603155
In base 15, what is 9 - -2530?
2539
In base 13, what is 2049 - 37?
2012
In base 12, what is 10 + a28?
a38
In base 14, what is 10a0 - -197?
1257
In base 2, what is -10001010011110000 + 10?
-10001010011101110
In base 2, what is -10101110 + 1?
-10101101
In base 2, what is 10011011111111000010 + 1?
10011011111111000011
In base 5, what is -24321 - -13?
-24303
In base 13, what is -2b5a - -3?
-2b57
In base 3, what is 10012022 - -10100?
10022122
In base 3, what is -10222120 - -200?
-10221220
In base 2, what is 100001001 + 1000110101001?
1001010110010
In base 3, what is 11 + -101110101?
-101110020
In base 10, what is 421760 - 4?
421756
In base 14, what is -4 + -20bc7?
-20bcb
In base 6, what is 2 + -13004?
-13002
In base 2, what is 10000100101 + 11000010110?
101000111011
In base 12, what is 0 + 382b8?
382b8
In base 6, what is 30312 - 2244?
24024
In base 13, what is -62 - -120b?
1179
In base 15, what is -5 - e1a55?
-e1a5a
In base 13, what is -7a - -1b4?
137
In base 3, what is 10001110 + -11000?
2220110
In base 15, what is 14 + -2108?
-20e4
In base 10, what is 20209 + 7?
20216
In base 8, what is 124111 + 10?
124121
In base 3, what is -20121 + -122122?
-220020
In base 10, what is -31659 - 60?
-31719
In base 2, what is -1001011110 + -1001010?
-1010101000
In base 2, what is 101111 - -110111100100?
111000010011
In base 8, what is -2 - 30022?
-30024
In base 10, what is -75324 + 4?
-75320
In base 7, what is -42551 + 12?
-42536
In base 11, what is -5 + -69599?
-695a3
In base 10, what is 128 - 307?
-179
In base 16, what is 6 + 599?
59f
In base 2, what is -1010100100000 - -100000110?
-1010000011010
In base 4, what is 12 - 122320330?
-122320312
In base 7, what is 512632 + -1?
512631
In base 3, what is -1112111112 + -2?
-1112111121
In base 4, what is -123 + 2223132?
2223003
In base 16, what is 6598 - 0?
6598
In base 15, what is 189 - -46?
1d0
In base 8, what is 103 - 67356?
-67253
In base 6, what is 31 + 424?
455
In base 13, what is 24 + 538?
55c
In base 16, what is 90 - -7d?
10d
In base 16, what is -3 - -1f0de?
1f0db
In base 13, what is -33 - 721?
-754
In base 4, what is 10 - 2232113?
-2232103
In base 16, what is 5 + 1f2c9?
1f2ce
In base 2, what is -11111 - 10001110111?
-10010010110
In base 2, what is 11 - -110000000000010?
110000000000101
In base 13, what is 20 + -593?
-573
In base 2, what is 111101110111110 - -11?
111101111000001
In base 14, what is -22b5 - 6?
-22bb
In base 6, what is -5 + -102350?
-102355
In base 14, what is -8 - -d79?
d71
In base 16, what is 1b - 6810?
-67f5
In base 2, what is 100010101 + 100000?
100110101
In base 12, what is 5 + -1618?
-1613
In base 4, what is 12101 + -2233?
3202
In base 15, what is 74 + -9e0?
-96b
In base 2, what is -11110110 + 1010